{"id":3015,"date":"2014-02-04T01:32:56","date_gmt":"2014-02-04T00:32:56","guid":{"rendered":"https:\/\/fima.ub.edu\/bescolar\/?page_id=3015"},"modified":"2014-03-01T20:22:20","modified_gmt":"2014-03-01T19:22:20","slug":"llista-de-distribucio","status":"publish","type":"page","link":"https:\/\/fima.ub.edu\/bescolar\/llista-de-distribucio\/","title":{"rendered":"Llista de distribuci\u00f3"},"content":{"rendered":"<p>Bescolar \u00e9s una llista gratu\u00efta de correu electr\u00f2nic, dins del servidor de RedIris, la Xarxa Acad\u00e8mica i de Recerca Espanyola.<\/p>\n<p>Aquesta llista va n\u00e8ixer l\u2019any 1999 a petici\u00f3 de la Facultat de Biblioteconomia i Documentaci\u00f3 amb els objectius de:<\/p>\n<ul>\n<li>Contribuir a la normalitzaci\u00f3 i difusi\u00f3 de les biblioteques escolars.<\/li>\n<li>Difondre informaci\u00f3 i experi\u00e8ncies.<\/li>\n<li>Debatre.<\/li>\n<li>Intercanviar dubtes.<\/li>\n<li>Ser punt de partida per a la creaci\u00f3 de grups d\u2019usuaris (d\u2019un programari inform\u00e0tic, d\u2019una zona geogr\u00e0fica,&#8230;).<\/li>\n<li>Anunciar cursos, congressos, confer\u00e8ncies&#8230;<\/li>\n<li>Difondre bibliografia i recursos d\u2019Internet.<\/li>\n<li>Compartir amb d\u2019altres treballs ja realitzats.<\/li>\n<\/ul>\n<p><strong>Instruccions per a subscriure\u2019s:<\/strong><\/p>\n<ol>\n<li>Aneu al seg\u00fcent enlla\u00e7:\u00a0<a href=\"http:\/\/listserv.rediris.es\/cgi-bin\/wa?A0=BESCOLAR\">http:\/\/listserv.rediris.es\/cgi-bin\/wa?A0=BESCOLAR<\/a><\/li>\n<li>Cliqueu a \u00abSuscribir\u00bb, al men\u00fa situat a la part dreta de la plana.<\/li>\n<li>Empleneu els camps \u00abNombre\u00bb i \u00abDirecci\u00f3n de correo-e\u00bb. Aquestes dades son necess\u00e0ries per a la identificaci\u00f3 en cas de voler enviar un missatge a la llista; en cap cas s\u2019incorporen a una base de dades.<\/li>\n<li>Trieu el tipus de subscripci\u00f3; recomanem l\u2019opci\u00f3 marcada per defecte, \u00abRegular\u00bb.<\/li>\n<li>Trieu la modalitat de justificant de recepci\u00f3; recomanem l\u2019opci\u00f3 \u00abRecibir confirmaci\u00f3n y copia de mi mensaje\u00bb.<\/li>\n<li>Cliqueu a \u00abSuscribirse\u00bb. En aquesta mateixa plana, podeu modificar les vostres dades o donar de baixa la subscripci\u00f3.<\/li>\n<\/ol>\n<p>&nbsp;<\/p>\n","protected":false},"excerpt":{"rendered":"<p>Bescolar \u00e9s una llista gratu\u00efta de correu electr\u00f2nic, dins del servidor de RedIris, la Xarxa Acad\u00e8mica i de Recerca Espanyola. Aquesta llista va n\u00e8ixer l\u2019any 1999 a petici\u00f3 de la Facultat de Biblioteconomia i Documentaci\u00f3 amb els objectius de: Contribuir a la normalitzaci\u00f3 i difusi\u00f3 de les biblioteques escolars. Difondre [&#8230;]<\/p>\n","protected":false},"author":1,"featured_media":0,"parent":0,"menu_order":0,"comment_status":"open","ping_status":"closed","template":"","meta":{"footnotes":""},"class_list":["post-3015","page","type-page","status-publish","hentry"],"_links":{"self":[{"href":"https:\/\/fima.ub.edu\/bescolar\/wp-json\/wp\/v2\/pages\/3015"}],"collection":[{"href":"https:\/\/fima.ub.edu\/bescolar\/wp-json\/wp\/v2\/pages"}],"about":[{"href":"https:\/\/fima.ub.edu\/bescolar\/wp-json\/wp\/v2\/types\/page"}],"author":[{"embeddable":true,"href":"https:\/\/fima.ub.edu\/bescolar\/wp-json\/wp\/v2\/users\/1"}],"replies":[{"embeddable":true,"href":"https:\/\/fima.ub.edu\/bescolar\/wp-json\/wp\/v2\/comments?post=3015"}],"version-history":[{"count":0,"href":"https:\/\/fima.ub.edu\/bescolar\/wp-json\/wp\/v2\/pages\/3015\/revisions"}],"wp:attachment":[{"href":"https:\/\/fima.ub.edu\/bescolar\/wp-json\/wp\/v2\/media?parent=3015"}],"curies":[{"name":"wp","href":"https:\/\/api.w.org\/{rel}","templated":true}]}}

Llista de distribució

<p>Bescolar és una llista gratuïta de correu electrònic, dins del servidor de RedIris, la Xarxa Acadèmica i de Recerca Espanyola.</p>
<p>Aquesta llista va nèixer l’any 1999 a petició de la Facultat de Biblioteconomia i Documentació amb els objectius de:</p>
<ul>
<li>Contribuir a la normalització i difusió de les biblioteques escolars.</li>
<li>Difondre informació i experiències.</li>
<li>Debatre.</li>
<li>Intercanviar dubtes.</li>
<li>Ser punt de partida per a la creació de grups d’usuaris (d’un programari informàtic, d’una zona geogràfica,&#8230;).</li>
<li>Anunciar cursos, congressos, conferències&#8230;</li>
<li>Difondre bibliografia i recursos d’Internet.</li>
<li>Compartir amb d’altres treballs ja realitzats.</li>
</ul>
<p><strong>Instruccions per a subscriure’s:</strong></p>
<ol>
<li>Aneu al següent enllaç: <a href="http://listserv.rediris.es/cgi-bin/wa?A0=BESCOLAR">http://listserv.rediris.es/cgi-bin/wa?A0=BESCOLAR</a></li>
<li>Cliqueu a «Suscribir», al menú situat a la part dreta de la plana.</li>
<li>Empleneu els camps «Nombre» i «Dirección de correo-e». Aquestes dades son necessàries per a la identificació en cas de voler enviar un missatge a la llista; en cap cas s’incorporen a una base de dades.</li>
<li>Trieu el tipus de subscripció; recomanem l’opció marcada per defecte, «Regular».</li>
<li>Trieu la modalitat de justificant de recepció; recomanem l’opció «Recibir confirmación y copia de mi mensaje».</li>
<li>Cliqueu a «Suscribirse». En aquesta mateixa plana, podeu modificar les vostres dades o donar de baixa la subscripció.</li>
</ol>
<p>&nbsp;</p>

<p>Bescolar és una llista gratuïta de correu electrònic, dins del servidor de RedIris, la Xarxa Acadèmica i de Recerca Espanyola. Aquesta llista va nèixer l’any 1999 a petició de la Facultat de Biblioteconomia i Documentació amb els objectius de: Contribuir a la normalització i difusió de les biblioteques escolars. Difondre [&#8230;]</p>
