{"id":1744,"date":"2025-10-13T11:39:07","date_gmt":"2025-10-13T09:39:07","guid":{"rendered":"https:\/\/ub.mmkt.dev\/?page_id=1744"},"modified":"2025-10-13T11:39:07","modified_gmt":"2025-10-13T09:39:07","slug":"practiques","status":"publish","type":"page","link":"https:\/\/fima.ub.edu\/edl\/lescola\/practiques\/","title":{"rendered":"Pr\u00e0ctiques"},"content":{"rendered":"<style>.kb-row-layout-id1744_da6904-15 > .kt-row-column-wrap{align-content:start;}:where(.kb-row-layout-id1744_da6904-15 > .kt-row-column-wrap) > .wp-block-kadence-column{justify-content:start;}.kb-row-layout-id1744_da6904-15 > .kt-row-column-wrap{column-gap:var(--global-kb-gap-md, 2rem);row-gap:var(--global-kb-gap-md, 2rem);padding-top:var(--global-kb-spacing-lg, 3rem);padding-bottom:var(--global-kb-spacing-lg, 3rem);grid-template-columns:minmax(0, 1fr);}.kb-row-layout-id1744_da6904-15 > .kt-row-layout-overlay{opacity:0.30;}@media all and (max-width: 1024px){.kb-row-layout-id1744_da6904-15 > .kt-row-column-wrap{grid-template-columns:minmax(0, 1fr);}}@media all and (max-width: 767px){.kb-row-layout-id1744_da6904-15 > .kt-row-column-wrap{grid-template-columns:minmax(0, 1fr);}}<\/style><div class=\"kb-row-layout-wrap kb-row-layout-id1744_da6904-15 alignnone wp-block-kadence-rowlayout\"><div class=\"kt-row-column-wrap kt-has-1-columns kt-row-layout-equal kt-tab-layout-inherit kt-mobile-layout-row kt-row-valign-top\">\n<style>.kadence-column1744_7ea385-b1 > .kt-inside-inner-col,.kadence-column1744_7ea385-b1 > .kt-inside-inner-col:before{border-top-left-radius:0px;border-top-right-radius:0px;border-bottom-right-radius:0px;border-bottom-left-radius:0px;}.kadence-column1744_7ea385-b1 > .kt-inside-inner-col{column-gap:var(--global-kb-gap-sm, 1rem);}.kadence-column1744_7ea385-b1 > .kt-inside-inner-col{flex-direction:column;}.kadence-column1744_7ea385-b1 > .kt-inside-inner-col > .aligncenter{width:100%;}.kadence-column1744_7ea385-b1 > .kt-inside-inner-col:before{opacity:0.3;}.kadence-column1744_7ea385-b1{position:relative;}@media all and (max-width: 1024px){.kadence-column1744_7ea385-b1 > .kt-inside-inner-col{flex-direction:column;justify-content:center;}}@media all and (max-width: 767px){.kadence-column1744_7ea385-b1 > .kt-inside-inner-col{flex-direction:column;justify-content:center;}}<\/style>\n<div class=\"wp-block-kadence-column kadence-column1744_7ea385-b1\"><div class=\"kt-inside-inner-col\">\n<p>Les pr\u00e0ctiques que l&#8217;alumnat pot realitzar durant els seus estudis els aproximen a la realitat del m\u00f3n laboral i constitueixen una forma d&#8217;ajudar a la inserci\u00f3 dels futurs estudiants dins del mercat laboral. Poden ser curriculars (obligat\u00f2ries) i no curriculars (volunt\u00e0ries).<\/p>\n\n\n\n<p>Ambdues requereixen d&#8217;un conveni entre la UB i el centre de destinaci\u00f3 i es troben regulades per la&nbsp;<a href=\"https:\/\/web.archive.org\/web\/20240509184122\/http:\/www.ub.edu\/feinaub\/docs\/normativa_practiques_2012.pdf\" target=\"_blank\" rel=\"noreferrer noopener\">Normativa de pr\u00e0ctiques externes de la Universitat de Barcelona<\/a>&nbsp;i per les&nbsp;<a href=\"https:\/\/www.ub.edu\/portal\/documents\/5181723\/0\/Especificacions_normativa_practiques_2019_modificacions_2020\/8dead8f9-d617-37c9-e578-b4b0e418bb5d\" target=\"_blank\" rel=\"noreferrer noopener\">Especificacions de la FIMA a la Normativa de pr\u00e0ctiques acad\u00e8miques externes dels estudiants de la Universitat de Barcelona<\/a>.<\/p>\n\n\n\n<p>La gesti\u00f3 de les pr\u00e0ctiques externes, curriculars i extracurriculars, es du a terme a trav\u00e9s de l&#8217;aplicaci\u00f3 i la plataforma&nbsp;<a href=\"http:\/\/www.ub.edu\/gipe\/action\/home-administrador\" target=\"_blank\" rel=\"noreferrer noopener\">GIPE<\/a>.<\/p>\n\n\n\n<p>En aplicaci\u00f3 de la nova normativa estatal, la realizaci\u00f3 de les pr\u00e0ctiques curriculars suposar\u00e0 donar d\u2019alta a la Seguretat Social als alumnes durant aquest per\u00edode, amb independ\u00e8cia que ja hi estiguin donats d\u2019alta.<\/p>\n<\/div><\/div>\n\n<\/div><\/div>","protected":false},"excerpt":{"rendered":"<p>Les pr\u00e0ctiques que l&#8217;alumnat pot realitzar durant els seus estudis els aproximen a la realitat&#8230;<\/p>\n","protected":false},"author":1,"featured_media":0,"parent":11,"menu_order":0,"comment_status":"closed","ping_status":"closed","template":"","meta":{"_acf_changed":false,"_seopress_robots_primary_cat":"","_seopress_titles_title":"","_seopress_titles_desc":"","_seopress_robots_index":"","inline_featured_image":false,"_kad_blocks_custom_css":"","_kad_blocks_head_custom_js":"","_kad_blocks_body_custom_js":"","_kad_blocks_footer_custom_js":"","_kad_post_transparent":"","_kad_post_title":"","_kad_post_layout":"","_kad_post_sidebar_id":"","_kad_post_content_style":"","_kad_post_vertical_padding":"","_kad_post_feature":"","_kad_post_feature_position":"","_kad_post_header":false,"_kad_post_footer":false,"_kad_post_classname":"","footnotes":""},"class_list":["post-1744","page","type-page","status-publish","hentry"],"acf":[],"taxonomy_info":[],"featured_image_src_large":false,"author_info":{"display_name":"jordi","author_link":"https:\/\/fima.ub.edu\/edl\/author\/jordi\/"},"comment_info":"","_links":{"self":[{"href":"https:\/\/fima.ub.edu\/edl\/wp-json\/wp\/v2\/pages\/1744","targetHints":{"allow":["GET"]}}],"collection":[{"href":"https:\/\/fima.ub.edu\/edl\/wp-json\/wp\/v2\/pages"}],"about":[{"href":"https:\/\/fima.ub.edu\/edl\/wp-json\/wp\/v2\/types\/page"}],"author":[{"embeddable":true,"href":"https:\/\/fima.ub.edu\/edl\/wp-json\/wp\/v2\/users\/1"}],"replies":[{"embeddable":true,"href":"https:\/\/fima.ub.edu\/edl\/wp-json\/wp\/v2\/comments?post=1744"}],"version-history":[{"count":1,"href":"https:\/\/fima.ub.edu\/edl\/wp-json\/wp\/v2\/pages\/1744\/revisions"}],"predecessor-version":[{"id":1747,"href":"https:\/\/fima.ub.edu\/edl\/wp-json\/wp\/v2\/pages\/1744\/revisions\/1747"}],"up":[{"embeddable":true,"href":"https:\/\/fima.ub.edu\/edl\/wp-json\/wp\/v2\/pages\/11"}],"wp:attachment":[{"href":"https:\/\/fima.ub.edu\/edl\/wp-json\/wp\/v2\/media?parent=1744"}],"curies":[{"name":"wp","href":"https:\/\/api.w.org\/{rel}","templated":true}]}}