{"id":1748,"date":"2025-10-13T11:40:03","date_gmt":"2025-10-13T09:40:03","guid":{"rendered":"https:\/\/ub.mmkt.dev\/?page_id=1748"},"modified":"2025-10-13T11:40:03","modified_gmt":"2025-10-13T09:40:03","slug":"preinscripcio-i-admissio","status":"publish","type":"page","link":"https:\/\/fima.ub.edu\/edl\/lescola\/preinscripcio-i-admissio\/","title":{"rendered":"Preinscripci\u00f3 i admissi\u00f3"},"content":{"rendered":"<style>.kb-row-layout-id1748_818cb4-df > .kt-row-column-wrap{align-content:start;}:where(.kb-row-layout-id1748_818cb4-df > .kt-row-column-wrap) > .wp-block-kadence-column{justify-content:start;}.kb-row-layout-id1748_818cb4-df > .kt-row-column-wrap{column-gap:var(--global-kb-gap-md, 2rem);row-gap:var(--global-kb-gap-md, 2rem);padding-top:var(--global-kb-spacing-lg, 3rem);padding-bottom:var(--global-kb-spacing-lg, 3rem);grid-template-columns:minmax(0, 1fr);}.kb-row-layout-id1748_818cb4-df > .kt-row-layout-overlay{opacity:0.30;}@media all and (max-width: 1024px){.kb-row-layout-id1748_818cb4-df > .kt-row-column-wrap{grid-template-columns:minmax(0, 1fr);}}@media all and (max-width: 767px){.kb-row-layout-id1748_818cb4-df > .kt-row-column-wrap{grid-template-columns:minmax(0, 1fr);}}<\/style><div class=\"kb-row-layout-wrap kb-row-layout-id1748_818cb4-df alignnone wp-block-kadence-rowlayout\"><div class=\"kt-row-column-wrap kt-has-1-columns kt-row-layout-equal kt-tab-layout-inherit kt-mobile-layout-row kt-row-valign-top\">\n<style>.kadence-column1748_6d28c2-6a > .kt-inside-inner-col,.kadence-column1748_6d28c2-6a > .kt-inside-inner-col:before{border-top-left-radius:0px;border-top-right-radius:0px;border-bottom-right-radius:0px;border-bottom-left-radius:0px;}.kadence-column1748_6d28c2-6a > .kt-inside-inner-col{column-gap:var(--global-kb-gap-sm, 1rem);}.kadence-column1748_6d28c2-6a > .kt-inside-inner-col{flex-direction:column;}.kadence-column1748_6d28c2-6a > .kt-inside-inner-col > .aligncenter{width:100%;}.kadence-column1748_6d28c2-6a > .kt-inside-inner-col:before{opacity:0.3;}.kadence-column1748_6d28c2-6a{position:relative;}@media all and (max-width: 1024px){.kadence-column1748_6d28c2-6a > .kt-inside-inner-col{flex-direction:column;justify-content:center;}}@media all and (max-width: 767px){.kadence-column1748_6d28c2-6a > .kt-inside-inner-col{flex-direction:column;justify-content:center;}}<\/style>\n<div class=\"wp-block-kadence-column kadence-column1748_6d28c2-6a\"><div class=\"kt-inside-inner-col\">\n<h2 class=\"wp-block-heading\">Preinscripci\u00f3<\/h2>\n\n\n\n<p>La preinscripci\u00f3 per a la pr\u00f2xima edici\u00f3 del postgrau en Llibreria, al curs 2025-26, comen\u00e7a el 15 de maig de 2025 i acaba el 30 de juny. Cal tramitar-la per mitj\u00e0 d&#8217;un formulari en l\u00ednia al qual es pot accedir en aquest enlla\u00e7:&nbsp;<a href=\"https:\/\/www.ub.edu\/acad\/npost\/matr\/identificacio.php?idcodidage=202411735&amp;lang=1&amp;curs=20251&amp;proces=PRE1\" target=\"_blank\" rel=\"noreferrer noopener\">https:\/\/www.ub.edu\/acad\/npost\/matr\/identificacio.php?idcodidage=202411735&amp;lang=1&amp;curs=20251&amp;proces=PRE1<\/a><br>&nbsp;<\/p>\n\n\n\n<h2 class=\"wp-block-heading\">Procediment<\/h2>\n\n\n\n<p>Juntament amb la tramitaci\u00f3 de la preinscripci\u00f3 en l\u00ednia, cal enviar a&nbsp;<a href=\"https:\/\/web.archive.org\/web\/20240509184138\/mailto:pons@ub.edu\" target=\"_blank\" rel=\"noreferrer noopener\">pons@ub.edu<\/a>&nbsp;i a&nbsp;<a href=\"https:\/\/web.archive.org\/web\/20240509184138\/http:\/ub.edu\/\" target=\"_blank\" rel=\"noreferrer noopener\">sed.informacio.audiovisuals@ub.edu<\/a>&nbsp;la documentaci\u00f3 seg\u00fcent, escanejada: DNI (passaport o NIE), t\u00edtol universitari (si se&#8217;n disposa), curr\u00edculum i una carta de motivaci\u00f3. Enviar aquests documents \u00e9s requisit indispensable per ser tingut en compte en el proc\u00e9s de selecci\u00f3.<\/p>\n\n\n\n<p>Amb els preinscrits, si es considera convenient, es tindr\u00e0 una entrevista personal per acabar de decidir la seva admissi\u00f3.<\/p>\n\n\n\n<h2 class=\"wp-block-heading\">Estudis previs necessaris<\/h2>\n\n\n\n<p>Per accedir al diploma de postgrau cal ser&nbsp;<strong>titulat universitari<\/strong>&nbsp;(graduat, llicenciat, enginyer superior, arquitecte, diplomat, enginyer t\u00e8cnic o arquitecte t\u00e8cnic), per\u00f2 hi ha dues&nbsp;<strong>excepcions<\/strong>:<\/p>\n\n\n\n<p>Persones sense titulaci\u00f3 que, per la seva traject\u00f2ria professional o personal, es consideri que estan en condicions de seguir els cursos. En aquest cas, el t\u00edtol que obtindran aquests estudiants ser\u00e0 d\u2019extensi\u00f3 universit\u00e0ria.<\/p>\n\n\n\n<p>Es permet la matr\u00edcula condicional d\u2019alumnes que cursen estudis superiors dins del sistema educatiu de l\u2019Estat espanyol i que els manca menys d\u2019un 10 % dels cr\u00e8dits per obtenir un t\u00edtol universitari. Aquests alumnes hauran de tenir el t\u00edtol quan finalitzi el postgrau, en cas contrari obtindran un t\u00edtol d&#8217;extensi\u00f3 universit\u00e0ria.<\/p>\n\n\n\n<h2 class=\"wp-block-heading\">Selecci\u00f3 de candidats<\/h2>\n\n\n\n<p>Es&nbsp;<strong>comunicar\u00e0 personalment<\/strong>&nbsp;als candidats la resoluci\u00f3, una vegada finalitzat el per\u00edode de preinscripci\u00f3.<\/p>\n\n\n\n<h2 class=\"wp-block-heading\">Matr\u00edcula<\/h2>\n\n\n\n<p><strong>Per\u00edode&nbsp;<\/strong>de matr\u00edcula:&nbsp;<strong>s&#8217;anunciar\u00e0 oportunament.<\/strong><\/p>\n\n\n\n<p><strong>Horari&nbsp;<\/strong>de matr\u00edcula (Secretaria de la Facultat): de dilluns a divendres&nbsp;de 10 a 13 h.<\/p>\n\n\n\n<p>Per formalitzar la matr\u00edcula, cal portar l\u2019original del t\u00edtol universitari (en cas de tenir-ne), excepte si s&#8217;ha obtingut a la Facultat.<\/p>\n<\/div><\/div>\n\n<\/div><\/div>","protected":false},"excerpt":{"rendered":"<p>Preinscripci\u00f3 La preinscripci\u00f3 per a la pr\u00f2xima edici\u00f3 del postgrau en Llibreria, al curs 2025-26,&#8230;<\/p>\n","protected":false},"author":1,"featured_media":0,"parent":11,"menu_order":0,"comment_status":"closed","ping_status":"closed","template":"","meta":{"_acf_changed":false,"_seopress_robots_primary_cat":"","_seopress_titles_title":"","_seopress_titles_desc":"","_seopress_robots_index":"","inline_featured_image":false,"_kad_blocks_custom_css":"","_kad_blocks_head_custom_js":"","_kad_blocks_body_custom_js":"","_kad_blocks_footer_custom_js":"","_kad_post_transparent":"","_kad_post_title":"","_kad_post_layout":"","_kad_post_sidebar_id":"","_kad_post_content_style":"","_kad_post_vertical_padding":"","_kad_post_feature":"","_kad_post_feature_position":"","_kad_post_header":false,"_kad_post_footer":false,"_kad_post_classname":"","footnotes":""},"class_list":["post-1748","page","type-page","status-publish","hentry"],"acf":[],"taxonomy_info":[],"featured_image_src_large":false,"author_info":{"display_name":"jordi","author_link":"https:\/\/fima.ub.edu\/edl\/author\/jordi\/"},"comment_info":"","_links":{"self":[{"href":"https:\/\/fima.ub.edu\/edl\/wp-json\/wp\/v2\/pages\/1748","targetHints":{"allow":["GET"]}}],"collection":[{"href":"https:\/\/fima.ub.edu\/edl\/wp-json\/wp\/v2\/pages"}],"about":[{"href":"https:\/\/fima.ub.edu\/edl\/wp-json\/wp\/v2\/types\/page"}],"author":[{"embeddable":true,"href":"https:\/\/fima.ub.edu\/edl\/wp-json\/wp\/v2\/users\/1"}],"replies":[{"embeddable":true,"href":"https:\/\/fima.ub.edu\/edl\/wp-json\/wp\/v2\/comments?post=1748"}],"version-history":[{"count":1,"href":"https:\/\/fima.ub.edu\/edl\/wp-json\/wp\/v2\/pages\/1748\/revisions"}],"predecessor-version":[{"id":1751,"href":"https:\/\/fima.ub.edu\/edl\/wp-json\/wp\/v2\/pages\/1748\/revisions\/1751"}],"up":[{"embeddable":true,"href":"https:\/\/fima.ub.edu\/edl\/wp-json\/wp\/v2\/pages\/11"}],"wp:attachment":[{"href":"https:\/\/fima.ub.edu\/edl\/wp-json\/wp\/v2\/media?parent=1748"}],"curies":[{"name":"wp","href":"https:\/\/api.w.org\/{rel}","templated":true}]}}

Preinscripció i admissió

<style>.kb-row-layout-id1748_818cb4-df > .kt-row-column-wrap{align-content:start;}:where(.kb-row-layout-id1748_818cb4-df > .kt-row-column-wrap) > .wp-block-kadence-column{justify-content:start;}.kb-row-layout-id1748_818cb4-df > .kt-row-column-wrap{column-gap:var(--global-kb-gap-md, 2rem);row-gap:var(--global-kb-gap-md, 2rem);padding-top:var(--global-kb-spacing-lg, 3rem);padding-bottom:var(--global-kb-spacing-lg, 3rem);grid-template-columns:minmax(0, 1fr);}.kb-row-layout-id1748_818cb4-df > .kt-row-layout-overlay{opacity:0.30;}@media all and (max-width: 1024px){.kb-row-layout-id1748_818cb4-df > .kt-row-column-wrap{grid-template-columns:minmax(0, 1fr);}}@media all and (max-width: 767px){.kb-row-layout-id1748_818cb4-df > .kt-row-column-wrap{grid-template-columns:minmax(0, 1fr);}}</style><div class="kb-row-layout-wrap kb-row-layout-id1748_818cb4-df alignnone wp-block-kadence-rowlayout"><div class="kt-row-column-wrap kt-has-1-columns kt-row-layout-equal kt-tab-layout-inherit kt-mobile-layout-row kt-row-valign-top">
<style>.kadence-column1748_6d28c2-6a > .kt-inside-inner-col,.kadence-column1748_6d28c2-6a > .kt-inside-inner-col:before{border-top-left-radius:0px;border-top-right-radius:0px;border-bottom-right-radius:0px;border-bottom-left-radius:0px;}.kadence-column1748_6d28c2-6a > .kt-inside-inner-col{column-gap:var(--global-kb-gap-sm, 1rem);}.kadence-column1748_6d28c2-6a > .kt-inside-inner-col{flex-direction:column;}.kadence-column1748_6d28c2-6a > .kt-inside-inner-col > .aligncenter{width:100%;}.kadence-column1748_6d28c2-6a > .kt-inside-inner-col:before{opacity:0.3;}.kadence-column1748_6d28c2-6a{position:relative;}@media all and (max-width: 1024px){.kadence-column1748_6d28c2-6a > .kt-inside-inner-col{flex-direction:column;justify-content:center;}}@media all and (max-width: 767px){.kadence-column1748_6d28c2-6a > .kt-inside-inner-col{flex-direction:column;justify-content:center;}}</style>
<div class="wp-block-kadence-column kadence-column1748_6d28c2-6a"><div class="kt-inside-inner-col">
<h2 class="wp-block-heading">Preinscripció</h2>



<p>La preinscripció per a la pròxima edició del postgrau en Llibreria, al curs 2025-26, comença el 15 de maig de 2025 i acaba el 30 de juny. Cal tramitar-la per mitjà d&#8217;un formulari en línia al qual es pot accedir en aquest enllaç:&nbsp;<a href="https://www.ub.edu/acad/npost/matr/identificacio.php?idcodidage=202411735&amp;lang=1&amp;curs=20251&amp;proces=PRE1" target="_blank" rel="noreferrer noopener">https://www.ub.edu/acad/npost/matr/identificacio.php?idcodidage=202411735&amp;lang=1&amp;curs=20251&amp;proces=PRE1</a><br>&nbsp;</p>



<h2 class="wp-block-heading">Procediment</h2>



<p>Juntament amb la tramitació de la preinscripció en línia, cal enviar a&nbsp;<a href="https://web.archive.org/web/20240509184138/mailto:pons@ub.edu" target="_blank" rel="noreferrer noopener">pons@ub.edu</a>&nbsp;i a&nbsp;<a href="https://web.archive.org/web/20240509184138/http:/ub.edu/" target="_blank" rel="noreferrer noopener">sed.informacio.audiovisuals@ub.edu</a>&nbsp;la documentació següent, escanejada: DNI (passaport o NIE), títol universitari (si se&#8217;n disposa), currículum i una carta de motivació. Enviar aquests documents és requisit indispensable per ser tingut en compte en el procés de selecció.</p>



<p>Amb els preinscrits, si es considera convenient, es tindrà una entrevista personal per acabar de decidir la seva admissió.</p>



<h2 class="wp-block-heading">Estudis previs necessaris</h2>



<p>Per accedir al diploma de postgrau cal ser&nbsp;<strong>titulat universitari</strong>&nbsp;(graduat, llicenciat, enginyer superior, arquitecte, diplomat, enginyer tècnic o arquitecte tècnic), però hi ha dues&nbsp;<strong>excepcions</strong>:</p>



<p>Persones sense titulació que, per la seva trajectòria professional o personal, es consideri que estan en condicions de seguir els cursos. En aquest cas, el títol que obtindran aquests estudiants serà d’extensió universitària.</p>



<p>Es permet la matrícula condicional d’alumnes que cursen estudis superiors dins del sistema educatiu de l’Estat espanyol i que els manca menys d’un 10 % dels crèdits per obtenir un títol universitari. Aquests alumnes hauran de tenir el títol quan finalitzi el postgrau, en cas contrari obtindran un títol d&#8217;extensió universitària.</p>



<h2 class="wp-block-heading">Selecció de candidats</h2>



<p>Es&nbsp;<strong>comunicarà personalment</strong>&nbsp;als candidats la resolució, una vegada finalitzat el període de preinscripció.</p>



<h2 class="wp-block-heading">Matrícula</h2>



<p><strong>Període&nbsp;</strong>de matrícula:&nbsp;<strong>s&#8217;anunciarà oportunament.</strong></p>



<p><strong>Horari&nbsp;</strong>de matrícula (Secretaria de la Facultat): de dilluns a divendres&nbsp;de 10 a 13 h.</p>



<p>Per formalitzar la matrícula, cal portar l’original del títol universitari (en cas de tenir-ne), excepte si s&#8217;ha obtingut a la Facultat.</p>
</div></div>

</div></div>

<p>Preinscripció La preinscripció per a la pròxima edició del postgrau en Llibreria, al curs 2025-26,&#8230;</p>
